) - j(y). Let b(u) = 2*u**3 - 9*u**2 + 5*u + 10. Let l(m) = -b(m) + 3*r(m). Give l(-6).
5
Let u(b) be the third derivative of b**5/60 - 7*b**4/12 + 5*b**3/2 - 315*b**2. Give u(12).
-9
Let a be 32/6*(-36)/(-48). Let h(l) = -5 - 2*l - l**2 - a*l**2 + 0*l - l**3 + 0. Determine h(-5).
5
Let n(j) be the first derivative of j**2 + 8*j - 145. Give n(-6).
-4
Let f(x) = -63*x**3 + x**2 + x - 1. Let m(r) = 41*r - 122. Let j be m(3). Give f(j).
-62
Let j(p) = 67*p + 60*p - 132*p + 3. Let t(g) = -g**3 + g**2 - g - 3. Let q be t(0). What is j(q)?
18
Suppose 0 = 3*x - 0*x. Let a(o) = -o**2 + o - 9. Let d(l) = -l. Suppose -2*p - 4*m + 14 = -3*p, 12 = 4*m. Let t(j) = p*d(j) - a(j). Calculate t(x).
9
Let l = -67 - -72. Let h(g) = -g**2 - 9*g - 6. Let p be h(-8). Let k(q) = -7*q**p + q**3 - 5*q + 0 + 3*q**2 + 3. What is k(l)?
3
Let b(d) = -d + 11. Let j be b(7). Let m(c) be the second derivative of c**4/12 - 2*c**3/3 + 5*c**2/2 - 14*c. Calculate m(j).
5
Let x = -554 + 555. Let w(p) = -5*p + 4. Give w(x).
-1
Let v(l) = -2*l - 3. Let r be v(-3). Let c(b) = 4*b**2 - b + 4. Let j(o) = -o**2 + o - 1. Suppose 5 = h - 6*h. Let f(k) = h*c(k) - 5*j(k). Give f(r).
-2
Let v(c) = 4*c - 34. Let m be v(10). Let a(l) = -l + 8. Calculate a(m).
2
Suppose -9*x + 10*x = 8. Let z(k) = x + 11*k + 6*k - 25*k + k**2. Calculate z(7).
1
Let p be (-15)/30 + 26/(-4). Let r(k) = k**2 + k - 8. What is r(p)?
34
Let b(a) be the first derivative of -2*a**3/3 - 9*a**2/2 - 12*a + 421. Calculate b(-5).
-17
Suppose 0 = 9*j - 11*j + 4. Let a(p) = 69*p + j - 38*p - 33*p. Determine a(6).
-10
Let o(i) = -5*i**3 + 6*i**2 + 25*i. Let y(z) = -6*z**3 + 7*z**2 + 25*z. Let p(n) = -7*o(n) + 6*y(n). Let w(v) be the second derivative of p(v). Give w(4).
-24
Let r(v) = 67*v + 64. Let s be r(-1). Let j(o) = o**3 + 3*o**2 + o. Calculate j(s).
-3
Let d be (8/32)/(10/360). Let y(a) be the second derivative of -a**4/12 + 4*a**3/3 + 13*a**2/2 - a. Give y(d).
4
Let p(h) = 3 + 3 - 34*h + 71*h - 3*h**2 + 5*h**2 + h**3 - 29*h. Give p(-3).
-27
Suppose 49 = -9*p + 13. Let n(i) = -2*i. What is n(p)?
8
Let r = 35 + -33. Let j(m) be the first derivative of 0 + r*m**2 + 3*m + m - 3 + 1. What is j(-3)?
-8
Let d(k) = 3*k + 26. Let x = 337 + -345. Give d(x).
2
Let x(t) = t**2 - 3*t. Let c(q) = -q - 1. Let j be c(3). Let h be (9/3 - -2) + -4. Let r be j*(2 + (-3)/h). Determine x(r).
4
Let h(s) = -11*s - 20 + 4*s + 19. Let z = 7 + -3. Suppose 4*d = -0*d + z. Calculate h(d).
-8
Let m(z) = z + 2. Let k(j) = -3*j - 9. Let y be k(-4). Suppose 0 = -y*x + 4*x - 4. Suppose x = -2*i + 2. Give m(i).
1
Let p(b) = -2*b**3 + 3*b**2 + b - 2. Let h(i) = i**2 + 16*i + 19. Let k be h(-15). Let w = 6 - k. Give p(w).
-4
Let g(z) = z**2 - 5*z - 6. Let q(h) = 1 - 5*h + 0*h + 7*h**3 - h**2 + 4*h. Let b be q(1). What is g(b)?
0
Let d(g) be the third derivative of g**6/120 - g**5/4 + 9*g**4/8 - 13*g**3/6 + 109*g**2 + 4. Determine d(13).
0
Let g(h) = 4*h**2 - 3*h**2 + 0*h**2 - 4 - 7*h. Let w = 523 - 517. What is g(w)?
-10
Let l(a) be the second derivative of -2*a**3/3 + a. Let k(n) = n**3 + 7*n**2 + n + 12. Let d be k(-7). Determine l(d).
-20
Suppose -2*p = -2*a, p + 2 + 3 = -4*a. Let c(v) = -27 - 22 - 22 - 30 + 102 + 11*v. Determine c(p).
-10
Let y(m) = m**2 + 7*m + 2. Let a = -7 - -8. Let d = -5 - a. Give y(d).
-4
Suppose 4*n + 2 = -14. Let w be -4 + 3*(-4)/n. Let u(z) be the second derivative of -z**4/12 - z**3/6 - z**2/2 + 2*z. Determine u(w).
-1
Let m(n) = -3 + n**2 - 2*n + 3 - 3. Let r(j) be the third derivative of -j**4/24 + 13*j**3/6 - 23*j**2. Let h be r(15). Determine m(h).
5
Suppose -f - 14 = -3*f. Let t(q) = 9*q**2 - 2*q**2 - f*q**2 - q**2 - 2 + 4*q. Let r = 9 - 4. Calculate t(r).
-7
Let z(n) = 5*n**2 + 3*n - 1. Let v be 1/(1/8*2). Let h(q) = -v*q**2 + q + 2 - 4*q - q + q. Let w(c) = -4*h(c) - 3*z(c). What is w(-4)?
-1
Let j(z) = z**2 - 4*z - 1. Let u(w) = 22 - 8 - 8 - w - 4. Let d be u(5). Calculate j(d).
20
Let v(r) = -r**3 - 11*r**2 + r - 6. Let q(f) = 2*f**3 + 20*f**2 - 2*f + 11. Let h(y) = 6*q(y) + 11*v(y). What is h(4)?
44
Let t(f) = f**2 + 11*f - 17. Let u be (-800)/60 - -1*2/6. Give t(u).
9
Let s(m) = 16*m**3 - 7*m**3 - 7*m**3 + 2*m**3 - 3*m**3. Let l be 1/((-1)/((-1)/(-1))). What is s(l)?
-1
Suppose -3*j + j + 14 = 2*h, 3*j - 19 = -2*h. Suppose h*w - 8 = -w + 5*y, w - 3*y = 4. Let s(f) be the third derivative of f**4/4 - f**3/6 + f**2. What is s(w)?
5
Let r be (-45)/(-30)*8/6. Let n(f) = -2*f**3 + 3*f**2 - 3. Give n(r).
-7
Suppose -3*m - m = 0. Let w(s) = s - 17. Give w(m).
-17
Let k(m) = 17 + 9*m - 34 - 8*m + 18 + m. Suppose 2*x = v + 7, 9*v + 4*x = 4*v + 21. Give k(v).
3
Let y(f) be the first derivative of -f**2/2 + 7*f - 8. Let v be y(3). Let c(b) = 1. Let w(h) = 2*h - 2. Let r(z) = v*c(z) - w(z). Give r(6).
-6
Let f(d) = -143*d - 130. Let i be f(-1). Let s(c) = 4*c - 52. Calculate s(i).
0
Let s = -100 - -566. Let w(u) = u - 2*u + 8 - s*u**2 - u**3 + 467*u**2. Give w(0).
8
Let n(x) be the third derivative of x**6/120 + x**5/12 + x**4/24 + 5*x**3/6 - 130*x**2. Determine n(-5).
0
Let z(h) = 2*h**2 - 3*h + 2. Let a(g) = -g**3 + 12*g**2 - 8*g - 18. Let x be a(11). Suppose 2*d + 3*d - x = 0. Calculate z(d).
11
Let d(c) = c + 8. Suppose 133 = -11*n - 8*n. Calculate d(n).
1
Let q(y) = y**3 - 6*y**2 - 7*y + 5. Let b(u) = 3*u - 11. Let r be b(6). Calculate q(r).
5
Suppose -x + 4 = x. Suppose 4*t - 2*z - x*z + 20 = 0, t + 1 = -z. Let k(p) = p**3 - p**2. Let c(r) = 5*r**3 + 2*r + 4. Let i(j) = c(j) - 4*k(j). Calculate i(t).
7
Let w(d) = -d - 2. Let k(o) = 0*o**3 - 4*o**2 + 3 + 3*o - 3*o**2 - o**3 + 5*o**2. Let x be k(-3). What is w(x)?
-5
Let s = 197 + -195. Let x be 1*-2 + (-1 - -1). Let l = x - s. Let m(y) = 2*y**2 + 6*y. What is m(l)?
8
Let u(q) be the second derivative of q**3/6 - q**2/2 + 113*q. What is u(4)?
3
Let u(t) = -t**3 - 6*t**2 + 8*t + 7. Let h(g) = g**2 + 8*g - 7. Let y be h(-8). Give u(y).
0
Let o(d) = 14*d - 45. Let a(g) = -g + 3. Let p(j) = 22*a(j) + 2*o(j). Determine p(3).
-6
Suppose 52*q = 119*q + 402. Let a(y) = -y**3 - 7*y**2 - 4*y - 3. Determine a(q).
-15
Suppose 0 = 5*w - 18 - 2. Let a(v) = -6*v**2 + 3*v - 7. Let r(d) = -d**3 - d**2 - d - 1. Let j(y) = a(y) - r(y). Give j(w).
-6
Let m be (4/8 - -1)*(-3 + 1). Let f(u) = -u**3 - 5*u**2 - 4*u - 1. Determine f(m).
-7
Let h(c) = -c**2 + 2*c + 2. Suppose -5*t - t = -120. Suppose 2*d = -d - b + 15, 2*b = -4*d + t. Let k(g) = -g**2 + 7*g - 5. Let a be k(d). Give h(a).
-13
Let t(j) = 4*j**2 + j - 2. Let x be t(2). Suppose -w = x - 7. Let m = -14 - w. Let p(q) = q**3 + 4*q**2 - 4*q. What is p(m)?
-5
Let n(t) = 13*t**2 + t. Let m be 1/((-1)/8) + 7. Determine n(m).
12
Let f(n) = -12*n**2 + 1. Let p = -13 + 38. Let c = 24 - p. Give f(c).
-11
Suppose -f = 4*s + 1, 5*f + 3*s - 20 = 8*s. Let m be (-4)/(-3) + f + (-30)/9. Let d(j) = 25*j - 1. Calculate d(m).
24
Let b(s) be the third derivative of s**5/60 + s**4/8 + s**2. Let g(w) = 28*w - 145. Let u be g(5). Calculate b(u).
10
Let d(n) be the second derivative of n**5/20 - n**4/6 - 2*n**3/3 - n**2/2 + 2*n - 54. Determine d(2).
-9
Let c(j) = -j**3 - 4*j**2 + 5*j + 3. Let s = 61 + -43. Let l = s + -9. Let n = -14 + l. Calculate c(n).
3
Let m(z) be the second derivative of -5/6*z**3 + 5*z + 0*z**2 + 0 + 1/12*z**4. Determine m(6).
6
Suppose 4*p + 2 = -2. Let t be 72/20 - (32/(-20))/4. Let y(w) = -6 + 5 + 0 - t*w**2. What is y(p)?
-5
Suppose 2*g = 4*g + 6. Let i(q) = -1 + 11*q - 8*q - 6*q. Give i(g).
8
Let o = 4 - 2. Let y(w) be the third derivative of 0 - 1/3*w**3 + 1/60*w**5 + 9*w**2 - 1/120*w**6 + 1/8*w**4 + 0*w. Determine y(o).
0
Let a(h) = -9*h**2 + 22*h - 33. Let g(v) = -12*v**2 + 34*v - 48. Let j(c) = 7*a(c) - 5*g(c). Determine j(-6).
-3
Let l be 3*(4 + -2 - 1). Let c(z) = -z**2 + 8*z + 3. Let g be c(8). Let o(w) = g - w - w**2 + 0*w + 2*w**2 - 6. Calculate o(l).
3
Let u(h) = h**3 + 4*h**2 - 4*h - 2. Let a = 140 + -142. Let o = 10 - 14. Let c be o + 1/(a + 1). Give u(c).
-7
Let b(h) = -2*h - 11*h - 38 + 27*h - 11*h. Determine b(13).
1
Let u(j) = 7*j - 2. Suppose 4*x + 5*i + 88 = 2*i, -4*x = -i + 72. Let r = x + 21. What is u(r)?
12
Let x = -225 + 143. Let w = 90 + x. Let u(g) = -g**3 - 6 - 7*g + 9*g**2 - 4 + 2. Determine u(w).
0
Let g(w) = 2*w - 18. Let r = 0 - -6. Let i be g(r). Let z(d) = d**3 + 6*d**2 - d + 2. What is z(i)?
